{"id":1007,"date":"2021-08-28T06:28:41","date_gmt":"2021-08-28T04:28:41","guid":{"rendered":"https:\/\/www.vizieditore.it\/shop\/?post_type=product&#038;p=1007"},"modified":"2023-02-18T08:35:22","modified_gmt":"2023-02-18T07:35:22","slug":"barbarossa","status":"publish","type":"product","link":"https:\/\/www.vizieditore.it\/shop\/prodotto\/barbarossa\/","title":{"rendered":"Operazione Barbarossa"},"content":{"rendered":"<p>E&#8217; il 21 giugno 1941, la notte pi\u00f9 breve dell&#8217;anno. Un evento storico che rimarr\u00e0 nella memoria dell&#8217;umanit\u00e0 per sempre. L&#8217;Operazione Barbarossa ha inizio: la Germania nazista di Hitler invade l&#8217;Unione Sovietica di Stalin dando inizio alla pi\u00f9 grande campagna militare della storia. Ma questo non \u00e8 solo un racconto di guerra, \u00e8 una storia di violenza, di paura e di coraggio estremo. Una pagina cruenta che porter\u00e0 alla luce l&#8217;eroismo di molti e l&#8217;orrore degli eventi che si susseguiranno. Una battaglia epica che rimarr\u00e0 impressa nella storia dell&#8217;umanit\u00e0 come il capitolo pi\u00f9 oscuro della seconda guerra mondiale.<\/p>\n<p><em>&#8220;Cronache di guerra&#8221; \u00e8 una serie di audiodrammi che ti trasporteranno nel cuore degli eventi che hanno segnato la storia dell&#8217;umanit\u00e0. La ricostruzione audio, le musiche e i suoni ti accompagneranno in un viaggio emozionante alla scoperta dei personaggi chiave di questo conflitto mondiale. Preparati ad immergerti in un mondo di suoni e sensazioni, dove la storia prende vita.<\/em><\/p>\n<div class=\"is-divider divider clearfix\" ><\/div>\n<p><strong>Editore:<\/strong><\/p>\n<p>Vizi Editore<\/p>\n<p><strong>Durata:<\/strong><\/p>\n<p>2 ore<\/p>\n<p><strong>Scritto da:<\/strong><\/p>\n<p>Camilla Allegrucci<\/p>\n<p><strong>Letto da:<\/strong><\/p>\n<p>Riccardo Burbi<\/p>\n<p><strong>Lingua:<\/strong><\/p>\n<p>Italiano<\/p>\n","protected":false},"excerpt":{"rendered":"<div class=\"is-divider divider clearfix\" style=\"max-width:small;\"><\/div>\n<p>E&#8217; il 21 giugno 1941, la notte pi\u00f9 breve dell&#8217;anno. Un evento storico che rimarr\u00e0 nella memoria dell&#8217;umanit\u00e0 per sempre. L&#8217;Operazione Barbarossa ha inizio: la Germania nazista di Hitler invade l&#8217;Unione Sovietica di Stalin dando inizio alla pi\u00f9 grande campagna militare della storia. Ma questo non \u00e8 solo un racconto di guerra, \u00e8 una storia di violenza, di paura e di coraggio estremo. Una pagina cruenta che porter\u00e0 alla luce l&#8217;eroismo di molti e l&#8217;orrore degli eventi che si susseguiranno. Una battaglia epica che rimarr\u00e0 impressa nella storia dell&#8217;umanit\u00e0 come il capitolo pi\u00f9 oscuro della seconda guerra mondiale.<\/p>\n<p><em>&#8220;Cronache di guerra&#8221; \u00e8 una serie di audiodrammi che ti trasporteranno nel cuore degli eventi che hanno segnato la storia dell&#8217;umanit\u00e0. La ricostruzione audio, le musiche e i suoni ti accompagneranno in un viaggio emozionante alla scoperta dei personaggi chiave di questo conflitto mondiale. Preparati ad immergerti in un mondo di suoni e sensazioni, dove la storia prende vita.<\/em><\/p>\n<p>&nbsp;<\/p>\n","protected":false},"featured_media":1275,"comment_status":"open","ping_status":"closed","template":"","meta":[],"product_cat":[182,104,103,90,91,86,21],"product_tag":[81,181,83,82],"class_list":{"0":"post-1007","1":"product","2":"type-product","3":"status-publish","4":"has-post-thumbnail","6":"product_cat-cronache-di-guerra","7":"product_cat-fascismo","8":"product_cat-nazismo","9":"product_cat-nuovi-audiolibri","10":"product_cat-consigliati-audiolibri","11":"product_cat-audiolibri-series","12":"product_cat-audiolibri-storia","13":"product_tag-audiolibri","14":"product_tag-barbarossa","15":"product_tag-guerra","16":"product_tag-storia","18":"first","19":"instock","20":"featured","21":"downloadable","22":"virtual","23":"purchasable","24":"product-type-simple"},"_links":{"self":[{"href":"https:\/\/www.vizieditore.it\/shop\/wp-json\/wp\/v2\/product\/1007","targetHints":{"allow":["GET"]}}],"collection":[{"href":"https:\/\/www.vizieditore.it\/shop\/wp-json\/wp\/v2\/product"}],"about":[{"href":"https:\/\/www.vizieditore.it\/shop\/wp-json\/wp\/v2\/types\/product"}],"replies":[{"embeddable":true,"href":"https:\/\/www.vizieditore.it\/shop\/wp-json\/wp\/v2\/comments?post=1007"}],"wp:featuredmedia":[{"embeddable":true,"href":"https:\/\/www.vizieditore.it\/shop\/wp-json\/wp\/v2\/media\/1275"}],"wp:attachment":[{"href":"https:\/\/www.vizieditore.it\/shop\/wp-json\/wp\/v2\/media?parent=1007"}],"wp:term":[{"taxonomy":"product_cat","embeddable":true,"href":"https:\/\/www.vizieditore.it\/shop\/wp-json\/wp\/v2\/product_cat?post=1007"},{"taxonomy":"product_tag","embeddable":true,"href":"https:\/\/www.vizieditore.it\/shop\/wp-json\/wp\/v2\/product_tag?post=1007"}],"curies":[{"name":"wp","href":"https:\/\/api.w.org\/{rel}","templated":true}]}}

<p>E&#8217; il 21 giugno 1941, la notte più breve dell&#8217;anno. Un evento storico che rimarrà nella memoria dell&#8217;umanità per sempre. L&#8217;Operazione Barbarossa ha inizio: la Germania nazista di Hitler invade l&#8217;Unione Sovietica di Stalin dando inizio alla più grande campagna militare della storia. Ma questo non è solo un racconto di guerra, è una storia di violenza, di paura e di coraggio estremo. Una pagina cruenta che porterà alla luce l&#8217;eroismo di molti e l&#8217;orrore degli eventi che si susseguiranno. Una battaglia epica che rimarrà impressa nella storia dell&#8217;umanità come il capitolo più oscuro della seconda guerra mondiale.</p>
<p><em>&#8220;Cronache di guerra&#8221; è una serie di audiodrammi che ti trasporteranno nel cuore degli eventi che hanno segnato la storia dell&#8217;umanità. La ricostruzione audio, le musiche e i suoni ti accompagneranno in un viaggio emozionante alla scoperta dei personaggi chiave di questo conflitto mondiale. Preparati ad immergerti in un mondo di suoni e sensazioni, dove la storia prende vita.</em></p>
<div class="is-divider divider clearfix" ></div>
<p><strong>Editore:</strong></p>
<p>Vizi Editore</p>
<p><strong>Durata:</strong></p>
<p>2 ore</p>
<p><strong>Scritto da:</strong></p>
<p>Camilla Allegrucci</p>
<p><strong>Letto da:</strong></p>
<p>Riccardo Burbi</p>
<p><strong>Lingua:</strong></p>
<p>Italiano</p>

<div class="is-divider divider clearfix" style="max-width:small;"></div>
<p>E&#8217; il 21 giugno 1941, la notte più breve dell&#8217;anno. Un evento storico che rimarrà nella memoria dell&#8217;umanità per sempre. L&#8217;Operazione Barbarossa ha inizio: la Germania nazista di Hitler invade l&#8217;Unione Sovietica di Stalin dando inizio alla più grande campagna militare della storia. Ma questo non è solo un racconto di guerra, è una storia di violenza, di paura e di coraggio estremo. Una pagina cruenta che porterà alla luce l&#8217;eroismo di molti e l&#8217;orrore degli eventi che si susseguiranno. Una battaglia epica che rimarrà impressa nella storia dell&#8217;umanità come il capitolo più oscuro della seconda guerra mondiale.</p>
<p><em>&#8220;Cronache di guerra&#8221; è una serie di audiodrammi che ti trasporteranno nel cuore degli eventi che hanno segnato la storia dell&#8217;umanità. La ricostruzione audio, le musiche e i suoni ti accompagneranno in un viaggio emozionante alla scoperta dei personaggi chiave di questo conflitto mondiale. Preparati ad immergerti in un mondo di suoni e sensazioni, dove la storia prende vita.</em></p>
<p>&nbsp;</p>
