{"id":1360,"date":"2023-07-03T14:31:04","date_gmt":"2023-07-03T12:31:04","guid":{"rendered":"https:\/\/www.vizieditore.it\/shop\/?post_type=product&#038;p=1360"},"modified":"2024-07-09T11:38:55","modified_gmt":"2024-07-09T09:38:55","slug":"cosi-parlo-zarathustra","status":"publish","type":"product","link":"https:\/\/www.vizieditore.it\/shop\/prodotto\/cosi-parlo-zarathustra\/","title":{"rendered":"Friedrich Nietzsche &#8211; Cos\u00ec parl\u00f2 Zarathustra"},"content":{"rendered":"<div class=\"_1FTz3 fggS- cell\">\n<section class=\"_2RbVQ\" data-hook=\"description-wrapper\">\n<div class=\"_3nbVj\">\n<div class=\"_3cRjW\" data-hook=\"content-wrapper\">In quest&#8217;opera di Friedrich Nietzsche le idee del &#8220;superuomo&#8221; e dell'&#8221;eterno ritorno&#8221; raggiungono una forma compiuta. Dopo dieci anni di solitudine Zarathustra sente il bisogno di donare agli uomini la sua sapienza, ma il popolo distratto ride delle sue parole. Dovr\u00e0 cos\u00ec cercarsi dei discepoli cui indirizzare i suoi discorsi. Tema dei discorsi \u00e8 la ribellione alla cultura e alla morale dominanti e la visione della vita come forza indomabile e della volont\u00e0 come strumento di affermazione. Agli elementi polemici sono inframmezzati brani poetici (canti e canzoni) di grande bellezza. Molteplici le fonti stilistiche, la Bibbia, le poesie di Goethe, la prosa di Lutero, gli aforismi dei moralisti francesi.<\/div>\n<div data-hook=\"content-wrapper\">Nuova riedizione 2023 con divisione in capitoli.<\/div>\n<\/div>\n<\/section>\n<\/div>\n<div class=\"is-divider divider clearfix\" ><\/div>\n<p><strong>Editore: <\/strong>Vizi Editore<\/p>\n<p><strong>Durata:\u00a0 <\/strong>11 ore 30 minuti<strong><br \/>\n<\/strong><\/p>\n<p><strong>Scritto da:\u00a0<\/strong>Friedrich Nietzsche<\/p>\n<p><strong>Letto da: <\/strong>William Angiuli<\/p>\n<p><strong>Lingua: <\/strong>italiano<\/p>\n","protected":false},"excerpt":{"rendered":"<div class=\"is-divider divider clearfix\" style=\"max-width:small;\"><\/div>\n<div class=\"_1FTz3 fggS- cell\">\n<section class=\"_2RbVQ\" data-hook=\"description-wrapper\">\n<div class=\"_3nbVj\">\n<div class=\"_3cRjW\" data-hook=\"content-wrapper\">In quest&#8217;opera di Friedrich Nietzsche le idee del &#8220;superuomo&#8221; e dell'&#8221;eterno ritorno&#8221; raggiungono una forma compiuta. Dopo dieci anni di solitudine Zarathustra sente il bisogno di donare agli uomini la sua sapienza, ma il popolo distratto ride delle sue parole. Dovr\u00e0 cos\u00ec cercarsi dei discepoli cui indirizzare i suoi discorsi. Tema dei discorsi \u00e8 la ribellione alla cultura e alla morale dominanti e la visione della vita come forza indomabile e della volont\u00e0 come strumento di affermazione. Agli elementi polemici sono inframmezzati brani poetici (canti e canzoni) di grande bellezza. Molteplici le fonti stilistiche, la Bibbia, le poesie di Goethe, la prosa di Lutero, gli aforismi dei moralisti francesi.<\/div>\n<\/div>\n<\/section>\n<\/div>\n<p>&nbsp;<\/p>\n<p>&nbsp;<\/p>\n","protected":false},"featured_media":1361,"comment_status":"open","ping_status":"closed","template":"","meta":[],"product_cat":[166,92,90,91,85],"product_tag":[81,254,253],"class_list":{"0":"post-1360","1":"product","2":"type-product","3":"status-publish","4":"has-post-thumbnail","6":"product_cat-letteratura","7":"product_cat-piuscaricati-audiolibri","8":"product_cat-nuovi-audiolibri","9":"product_cat-consigliati-audiolibri","10":"product_cat-audiolibri-romanzi","11":"product_tag-audiolibri","12":"product_tag-cosi-parlo-zarathustra","13":"product_tag-friedrich-nietzsche","15":"first","16":"instock","17":"featured","18":"downloadable","19":"virtual","20":"purchasable","21":"product-type-simple"},"_links":{"self":[{"href":"https:\/\/www.vizieditore.it\/shop\/wp-json\/wp\/v2\/product\/1360","targetHints":{"allow":["GET"]}}],"collection":[{"href":"https:\/\/www.vizieditore.it\/shop\/wp-json\/wp\/v2\/product"}],"about":[{"href":"https:\/\/www.vizieditore.it\/shop\/wp-json\/wp\/v2\/types\/product"}],"replies":[{"embeddable":true,"href":"https:\/\/www.vizieditore.it\/shop\/wp-json\/wp\/v2\/comments?post=1360"}],"wp:featuredmedia":[{"embeddable":true,"href":"https:\/\/www.vizieditore.it\/shop\/wp-json\/wp\/v2\/media\/1361"}],"wp:attachment":[{"href":"https:\/\/www.vizieditore.it\/shop\/wp-json\/wp\/v2\/media?parent=1360"}],"wp:term":[{"taxonomy":"product_cat","embeddable":true,"href":"https:\/\/www.vizieditore.it\/shop\/wp-json\/wp\/v2\/product_cat?post=1360"},{"taxonomy":"product_tag","embeddable":true,"href":"https:\/\/www.vizieditore.it\/shop\/wp-json\/wp\/v2\/product_tag?post=1360"}],"curies":[{"name":"wp","href":"https:\/\/api.w.org\/{rel}","templated":true}]}}

Friedrich Nietzsche &#8211; Così parlò Zarathustra

<div class="_1FTz3 fggS- cell">
<section class="_2RbVQ" data-hook="description-wrapper">
<div class="_3nbVj">
<div class="_3cRjW" data-hook="content-wrapper">In quest&#8217;opera di Friedrich Nietzsche le idee del &#8220;superuomo&#8221; e dell'&#8221;eterno ritorno&#8221; raggiungono una forma compiuta. Dopo dieci anni di solitudine Zarathustra sente il bisogno di donare agli uomini la sua sapienza, ma il popolo distratto ride delle sue parole. Dovrà così cercarsi dei discepoli cui indirizzare i suoi discorsi. Tema dei discorsi è la ribellione alla cultura e alla morale dominanti e la visione della vita come forza indomabile e della volontà come strumento di affermazione. Agli elementi polemici sono inframmezzati brani poetici (canti e canzoni) di grande bellezza. Molteplici le fonti stilistiche, la Bibbia, le poesie di Goethe, la prosa di Lutero, gli aforismi dei moralisti francesi.</div>
<div data-hook="content-wrapper">Nuova riedizione 2023 con divisione in capitoli.</div>
</div>
</section>
</div>
<div class="is-divider divider clearfix" ></div>
<p><strong>Editore: </strong>Vizi Editore</p>
<p><strong>Durata:  </strong>11 ore 30 minuti<strong><br />
</strong></p>
<p><strong>Scritto da: </strong>Friedrich Nietzsche</p>
<p><strong>Letto da: </strong>William Angiuli</p>
<p><strong>Lingua: </strong>italiano</p>

<div class="is-divider divider clearfix" style="max-width:small;"></div>
<div class="_1FTz3 fggS- cell">
<section class="_2RbVQ" data-hook="description-wrapper">
<div class="_3nbVj">
<div class="_3cRjW" data-hook="content-wrapper">In quest&#8217;opera di Friedrich Nietzsche le idee del &#8220;superuomo&#8221; e dell'&#8221;eterno ritorno&#8221; raggiungono una forma compiuta. Dopo dieci anni di solitudine Zarathustra sente il bisogno di donare agli uomini la sua sapienza, ma il popolo distratto ride delle sue parole. Dovrà così cercarsi dei discepoli cui indirizzare i suoi discorsi. Tema dei discorsi è la ribellione alla cultura e alla morale dominanti e la visione della vita come forza indomabile e della volontà come strumento di affermazione. Agli elementi polemici sono inframmezzati brani poetici (canti e canzoni) di grande bellezza. Molteplici le fonti stilistiche, la Bibbia, le poesie di Goethe, la prosa di Lutero, gli aforismi dei moralisti francesi.</div>
</div>
</section>
</div>
<p>&nbsp;</p>
<p>&nbsp;</p>
