{"id":1527,"date":"2024-07-09T11:09:25","date_gmt":"2024-07-09T09:09:25","guid":{"rendered":"https:\/\/www.vizieditore.it\/shop\/?post_type=product&#038;p=1527"},"modified":"2024-09-08T12:26:12","modified_gmt":"2024-09-08T10:26:12","slug":"al-di-la-del-bene-e-del-male","status":"publish","type":"product","link":"https:\/\/www.vizieditore.it\/shop\/prodotto\/al-di-la-del-bene-e-del-male\/","title":{"rendered":"Friedrich Nietzsche &#8211; Al di l\u00e0 del bene e del male"},"content":{"rendered":"<div class=\"_1FTz3 fggS- cell\">\n<section class=\"_2RbVQ\" data-hook=\"description-wrapper\">\n<div class=\"_3nbVj\">In &#8220;Al di l\u00e0 del bene e del male&#8221;, un&#8217;opera caratterizzata da un tono polemico e provocatorio fin dal titolo, Nietzsche anticipa e critica quelle che definisce le \u201cidee moderne\u201d. Supera la nozione stessa di \u201cspirito libero\u201d spingendosi fino a mettere in questione l&#8217;idea di \u201cverit\u00e0\u201d in s\u00e9 e tutto ci\u00f2 che ne discende, a partire dalla morale: questo significa porsi al di l\u00e0 del bene e del male. Nuova riedizione 2024 con divisione in capitoli.<\/div>\n<\/section>\n<\/div>\n<div class=\"is-divider divider clearfix\" ><\/div>\n<p><strong>Editore: <\/strong>Vizi Editore<\/p>\n<p><strong>Durata:\u00a0 <\/strong>7 ore 17 minuti<strong><br \/>\n<\/strong><\/p>\n<p><strong>Scritto da:\u00a0<\/strong>Friedrich Nietzsche<\/p>\n<p><strong>Letto da: <\/strong>William Angiuli<\/p>\n<p><strong>Lingua: <\/strong>italiano<\/p>\n","protected":false},"excerpt":{"rendered":"<div class=\"is-divider divider clearfix\" style=\"max-width:small;\"><\/div>\n<div class=\"_1FTz3 fggS- cell\">\n<section class=\"_2RbVQ\" data-hook=\"description-wrapper\">\n<div class=\"_3nbVj\">\n<div class=\"_3cRjW\" data-hook=\"content-wrapper\">In &#8220;Al di l\u00e0 del bene e del male&#8221;, un&#8217;opera caratterizzata da un tono polemico e provocatorio fin dal titolo, Nietzsche anticipa e critica quelle che definisce le \u201cidee moderne\u201d. Supera la nozione stessa di \u201cspirito libero\u201d spingendosi fino a mettere in questione l&#8217;idea di \u201cverit\u00e0\u201d in s\u00e9 e tutto ci\u00f2 che ne discende, a partire dalla morale: questo significa porsi al di l\u00e0 del bene e del male. Nuova riedizione 2024 con divisione in capitoli.<\/div>\n<\/div>\n<\/section>\n<\/div>\n<p>&nbsp;<\/p>\n<p>&nbsp;<\/p>\n","protected":false},"featured_media":1530,"comment_status":"open","ping_status":"closed","template":"","meta":[],"product_cat":[166,92,90,91,85],"product_tag":[305,81,253],"class_list":{"0":"post-1527","1":"product","2":"type-product","3":"status-publish","4":"has-post-thumbnail","6":"product_cat-letteratura","7":"product_cat-piuscaricati-audiolibri","8":"product_cat-nuovi-audiolibri","9":"product_cat-consigliati-audiolibri","10":"product_cat-audiolibri-romanzi","11":"product_tag-al-di-la-del-bene-e-del-male","12":"product_tag-audiolibri","13":"product_tag-friedrich-nietzsche","15":"first","16":"instock","17":"featured","18":"downloadable","19":"virtual","20":"purchasable","21":"product-type-simple"},"_links":{"self":[{"href":"https:\/\/www.vizieditore.it\/shop\/wp-json\/wp\/v2\/product\/1527","targetHints":{"allow":["GET"]}}],"collection":[{"href":"https:\/\/www.vizieditore.it\/shop\/wp-json\/wp\/v2\/product"}],"about":[{"href":"https:\/\/www.vizieditore.it\/shop\/wp-json\/wp\/v2\/types\/product"}],"replies":[{"embeddable":true,"href":"https:\/\/www.vizieditore.it\/shop\/wp-json\/wp\/v2\/comments?post=1527"}],"wp:featuredmedia":[{"embeddable":true,"href":"https:\/\/www.vizieditore.it\/shop\/wp-json\/wp\/v2\/media\/1530"}],"wp:attachment":[{"href":"https:\/\/www.vizieditore.it\/shop\/wp-json\/wp\/v2\/media?parent=1527"}],"wp:term":[{"taxonomy":"product_cat","embeddable":true,"href":"https:\/\/www.vizieditore.it\/shop\/wp-json\/wp\/v2\/product_cat?post=1527"},{"taxonomy":"product_tag","embeddable":true,"href":"https:\/\/www.vizieditore.it\/shop\/wp-json\/wp\/v2\/product_tag?post=1527"}],"curies":[{"name":"wp","href":"https:\/\/api.w.org\/{rel}","templated":true}]}}

Friedrich Nietzsche &#8211; Al di là del bene e del male

<div class="_1FTz3 fggS- cell">
<section class="_2RbVQ" data-hook="description-wrapper">
<div class="_3nbVj">In &#8220;Al di là del bene e del male&#8221;, un&#8217;opera caratterizzata da un tono polemico e provocatorio fin dal titolo, Nietzsche anticipa e critica quelle che definisce le “idee moderne”. Supera la nozione stessa di “spirito libero” spingendosi fino a mettere in questione l&#8217;idea di “verità” in sé e tutto ciò che ne discende, a partire dalla morale: questo significa porsi al di là del bene e del male. Nuova riedizione 2024 con divisione in capitoli.</div>
</section>
</div>
<div class="is-divider divider clearfix" ></div>
<p><strong>Editore: </strong>Vizi Editore</p>
<p><strong>Durata:  </strong>7 ore 17 minuti<strong><br />
</strong></p>
<p><strong>Scritto da: </strong>Friedrich Nietzsche</p>
<p><strong>Letto da: </strong>William Angiuli</p>
<p><strong>Lingua: </strong>italiano</p>

<div class="is-divider divider clearfix" style="max-width:small;"></div>
<div class="_1FTz3 fggS- cell">
<section class="_2RbVQ" data-hook="description-wrapper">
<div class="_3nbVj">
<div class="_3cRjW" data-hook="content-wrapper">In &#8220;Al di là del bene e del male&#8221;, un&#8217;opera caratterizzata da un tono polemico e provocatorio fin dal titolo, Nietzsche anticipa e critica quelle che definisce le “idee moderne”. Supera la nozione stessa di “spirito libero” spingendosi fino a mettere in questione l&#8217;idea di “verità” in sé e tutto ciò che ne discende, a partire dalla morale: questo significa porsi al di là del bene e del male. Nuova riedizione 2024 con divisione in capitoli.</div>
</div>
</section>
</div>
<p>&nbsp;</p>
<p>&nbsp;</p>
