{"id":1779,"date":"2026-03-20T09:32:49","date_gmt":"2026-03-20T08:32:49","guid":{"rendered":"https:\/\/www.vizieditore.it\/shop\/?post_type=product&#038;p=1779"},"modified":"2026-03-21T10:46:32","modified_gmt":"2026-03-21T09:46:32","slug":"marco-martello-la-formula-del-sentire","status":"publish","type":"product","link":"https:\/\/www.vizieditore.it\/shop\/prodotto\/marco-martello-la-formula-del-sentire\/","title":{"rendered":"Marco Martello &#8211; La formula del sentire"},"content":{"rendered":"<div class=\"_1FTz3 fggS- cell\">\n<section class=\"_2RbVQ\" data-hook=\"description-wrapper\">\n<div class=\"_3nbVj\">\n<div class=\"_3cRjW\" data-hook=\"content-wrapper\">\n<p>Qual \u00e8 il profumo che riesce a suscitare in te una sensazione di gioia ogni volta che lo percepisci? E quale effluvio ti riporta istantaneamente tra le vie dei luoghi della tua infanzia? Il profumo non \u00e8 mero ornamento, ma un&#8217;estensione intima della nostra essenza. L&#8217;atto di profumarsi rappresenta uno sforzo di ristabilire l&#8217;armonia in un universo caotico, attingendo dal nostro io pi\u00f9 profondo per affermare la nostra identit\u00e0 o appartenenza, e per inviare un messaggio chiaro al mondo che ci circonda. &#8220;La formula del sentire&#8221; \u00e8 un&#8217;antologia del profumo attraverso il tempo e lo spazio alla scoperta del linguaggio delle fragranze, del ruolo storico che i profumi hanno ricoperto e della loro funzione nella societ\u00e0 contemporanea. Partendo dalle esperienze personali dell&#8217;autore, un raffinato collezionista di fragranze, e dalle storie di creativi e maestri del profumo di fama internazionale come Olivier Cresp, Meo Fusciuni, Luca Maffei e Julien Pruvost, avrai non solo l&#8217;opportunit\u00e0 di riportare alla luce ricordi apparentemente perduti, ma anche di comprendere da vicino la potenza comunicativa dell&#8217;accordo olfattivo che ti accompagna quotidianamente.<\/p>\n<\/div>\n<\/div>\n<\/section>\n<\/div>\n<div class=\"is-divider divider clearfix\" ><\/div>\n<p><strong>Editore: <\/strong>Vizi Editore &#8211; Do it Human<\/p>\n<p><strong>Durata:\u00a0 <\/strong>3 ore 7 minuti <strong><br \/>\n<\/strong><\/p>\n<p><strong>Scritto da:\u00a0<\/strong> Marco Martello<\/p>\n<p><strong>Letto da: <\/strong>Omar Maestroni, Librinpillole,William Angiuli<\/p>\n<p><strong>Lingua: <\/strong>italiano<\/p>\n","protected":false},"excerpt":{"rendered":"<div class=\"is-divider divider clearfix\" style=\"max-width:small;\"><\/div>\n<p>Qual \u00e8 il profumo che riesce a suscitare in te una sensazione di gioia ogni volta che lo percepisci? E quale effluvio ti riporta istantaneamente tra le vie dei luoghi della tua infanzia? Il profumo non \u00e8 mero ornamento, ma un&#8217;estensione intima della nostra essenza. L&#8217;atto di profumarsi rappresenta uno sforzo di ristabilire l&#8217;armonia in un universo caotico, attingendo dal nostro io pi\u00f9 profondo per affermare la nostra identit\u00e0 o appartenenza, e per inviare un messaggio chiaro al mondo che ci circonda. &#8220;La formula del sentire&#8221; \u00e8 un&#8217;antologia del profumo attraverso il tempo e lo spazio alla scoperta del linguaggio delle fragranze, del ruolo storico che i profumi hanno ricoperto e della loro funzione nella societ\u00e0 contemporanea. Partendo dalle esperienze personali dell&#8217;autore, un raffinato collezionista di fragranze, e dalle storie di creativi e maestri del profumo di fama internazionale come Olivier Cresp, Meo Fusciuni, Luca Maffei e Julien Pruvost, avrai non solo l&#8217;opportunit\u00e0 di riportare alla luce ricordi apparentemente perduti, ma anche di comprendere da vicino la potenza comunicativa dell&#8217;accordo olfattivo che ti accompagna quotidianamente.<\/p>\n<p>&nbsp;<\/p>\n","protected":false},"featured_media":1780,"comment_status":"open","ping_status":"closed","template":"","meta":[],"product_cat":[166],"product_tag":[368,367],"class_list":{"0":"post-1779","1":"product","2":"type-product","3":"status-publish","4":"has-post-thumbnail","6":"product_cat-letteratura","7":"product_tag-la-formula-del-sentire","8":"product_tag-marco-martello","10":"first","11":"instock","12":"featured","13":"downloadable","14":"virtual","15":"purchasable","16":"product-type-simple"},"_links":{"self":[{"href":"https:\/\/www.vizieditore.it\/shop\/wp-json\/wp\/v2\/product\/1779","targetHints":{"allow":["GET"]}}],"collection":[{"href":"https:\/\/www.vizieditore.it\/shop\/wp-json\/wp\/v2\/product"}],"about":[{"href":"https:\/\/www.vizieditore.it\/shop\/wp-json\/wp\/v2\/types\/product"}],"replies":[{"embeddable":true,"href":"https:\/\/www.vizieditore.it\/shop\/wp-json\/wp\/v2\/comments?post=1779"}],"wp:featuredmedia":[{"embeddable":true,"href":"https:\/\/www.vizieditore.it\/shop\/wp-json\/wp\/v2\/media\/1780"}],"wp:attachment":[{"href":"https:\/\/www.vizieditore.it\/shop\/wp-json\/wp\/v2\/media?parent=1779"}],"wp:term":[{"taxonomy":"product_cat","embeddable":true,"href":"https:\/\/www.vizieditore.it\/shop\/wp-json\/wp\/v2\/product_cat?post=1779"},{"taxonomy":"product_tag","embeddable":true,"href":"https:\/\/www.vizieditore.it\/shop\/wp-json\/wp\/v2\/product_tag?post=1779"}],"curies":[{"name":"wp","href":"https:\/\/api.w.org\/{rel}","templated":true}]}}

<div class="_1FTz3 fggS- cell">
<section class="_2RbVQ" data-hook="description-wrapper">
<div class="_3nbVj">
<div class="_3cRjW" data-hook="content-wrapper">
<p>Qual è il profumo che riesce a suscitare in te una sensazione di gioia ogni volta che lo percepisci? E quale effluvio ti riporta istantaneamente tra le vie dei luoghi della tua infanzia? Il profumo non è mero ornamento, ma un&#8217;estensione intima della nostra essenza. L&#8217;atto di profumarsi rappresenta uno sforzo di ristabilire l&#8217;armonia in un universo caotico, attingendo dal nostro io più profondo per affermare la nostra identità o appartenenza, e per inviare un messaggio chiaro al mondo che ci circonda. &#8220;La formula del sentire&#8221; è un&#8217;antologia del profumo attraverso il tempo e lo spazio alla scoperta del linguaggio delle fragranze, del ruolo storico che i profumi hanno ricoperto e della loro funzione nella società contemporanea. Partendo dalle esperienze personali dell&#8217;autore, un raffinato collezionista di fragranze, e dalle storie di creativi e maestri del profumo di fama internazionale come Olivier Cresp, Meo Fusciuni, Luca Maffei e Julien Pruvost, avrai non solo l&#8217;opportunità di riportare alla luce ricordi apparentemente perduti, ma anche di comprendere da vicino la potenza comunicativa dell&#8217;accordo olfattivo che ti accompagna quotidianamente.</p>
</div>
</div>
</section>
</div>
<div class="is-divider divider clearfix" ></div>
<p><strong>Editore: </strong>Vizi Editore &#8211; Do it Human</p>
<p><strong>Durata:  </strong>3 ore 7 minuti <strong><br />
</strong></p>
<p><strong>Scritto da: </strong> Marco Martello</p>
<p><strong>Letto da: </strong>Omar Maestroni, Librinpillole,William Angiuli</p>
<p><strong>Lingua: </strong>italiano</p>

<div class="is-divider divider clearfix" style="max-width:small;"></div>
<p>Qual è il profumo che riesce a suscitare in te una sensazione di gioia ogni volta che lo percepisci? E quale effluvio ti riporta istantaneamente tra le vie dei luoghi della tua infanzia? Il profumo non è mero ornamento, ma un&#8217;estensione intima della nostra essenza. L&#8217;atto di profumarsi rappresenta uno sforzo di ristabilire l&#8217;armonia in un universo caotico, attingendo dal nostro io più profondo per affermare la nostra identità o appartenenza, e per inviare un messaggio chiaro al mondo che ci circonda. &#8220;La formula del sentire&#8221; è un&#8217;antologia del profumo attraverso il tempo e lo spazio alla scoperta del linguaggio delle fragranze, del ruolo storico che i profumi hanno ricoperto e della loro funzione nella società contemporanea. Partendo dalle esperienze personali dell&#8217;autore, un raffinato collezionista di fragranze, e dalle storie di creativi e maestri del profumo di fama internazionale come Olivier Cresp, Meo Fusciuni, Luca Maffei e Julien Pruvost, avrai non solo l&#8217;opportunità di riportare alla luce ricordi apparentemente perduti, ma anche di comprendere da vicino la potenza comunicativa dell&#8217;accordo olfattivo che ti accompagna quotidianamente.</p>
<p>&nbsp;</p>
